{"id":26,"date":"2020-06-02T18:36:35","date_gmt":"2020-06-02T18:36:35","guid":{"rendered":"http:\/\/entrepaginas.letras.ufmg.br\/?page_id=26"},"modified":"2025-04-18T01:55:35","modified_gmt":"2025-04-18T01:55:35","slug":"contato","status":"publish","type":"page","link":"http:\/\/entrepaginas.letras.ufmg.br\/?page_id=26","title":{"rendered":"Contato"},"content":{"rendered":"\n<p>Caso queira entrar em contato conosco para tirar d\u00favidas, entender mais sobre o projeto, para entregar os livros empaginados nos Ateli\u00eas e pegar mais material para empagina\u00e7\u00e3o contate o e-mail abaixo. <\/p>\n\n\n\n<ul>\n<ul><\/ul>\n<\/ul>\n\n\n\n<ul>\n<li><strong>E-mail: <\/strong>entrepaginasufmg@gmail.com<\/li>\n<\/ul>\n\n\n\n<p>N\u00e3o nos deixe de seguir no Instagram e continuar divulgando nosso trabalho!<\/p>\n\n\n\n<ul>\n<li><strong>Instagram:<\/strong> <a href=\"https:\/\/www.instagram.com\/entrepaginasufmg\" data-type=\"URL\" data-id=\"https:\/\/www.instagram.com\/entrepaginasufmg\">entrepaginasufmg<\/a><\/li>\n<\/ul>\n\n\n\n<p>N\u00e3o perca a oportunidade de participar do grupo dos &#8220;Empaginadores Volunt\u00e1rios&#8221; no Whatsapp e ficar por dentro de todos os detalhes:<\/p>\n\n\n\n<ul>\n<li><strong>Empaginadores Volunt\u00e1rios<\/strong>: <a href=\"https:\/\/chat.whatsapp.com\/JouRFIWIZZUCGt3vN3wj4k\">https:\/\/chat.whatsapp.com\/JouRFIWIZZUCGt3vN3wj4k<\/a><\/li>\n<\/ul>\n","protected":false},"excerpt":{"rendered":"<p>Caso queira entrar em contato conosco para tirar d\u00favidas, entender mais sobre o projeto, para entregar os livros empaginados nos Ateli\u00eas e pegar mais material para empagina\u00e7\u00e3o contate o e-mail abaixo. N\u00e3o nos deixe de seguir no Instagram e continuar divulgando nosso trabalho! N\u00e3o perca a oportunidade de participar do grupo dos &#8220;Empaginadores Volunt\u00e1rios&#8221; no &hellip; <\/p>\n","protected":false},"author":1,"featured_media":0,"parent":0,"menu_order":0,"comment_status":"closed","ping_status":"closed","template":"","meta":[],"_links":{"self":[{"href":"http:\/\/entrepaginas.letras.ufmg.br\/index.php?rest_route=\/wp\/v2\/pages\/26"}],"collection":[{"href":"http:\/\/entrepaginas.letras.ufmg.br\/index.php?rest_route=\/wp\/v2\/pages"}],"about":[{"href":"http:\/\/entrepaginas.letras.ufmg.br\/index.php?rest_route=\/wp\/v2\/types\/page"}],"author":[{"embeddable":true,"href":"http:\/\/entrepaginas.letras.ufmg.br\/index.php?rest_route=\/wp\/v2\/users\/1"}],"replies":[{"embeddable":true,"href":"http:\/\/entrepaginas.letras.ufmg.br\/index.php?rest_route=%2Fwp%2Fv2%2Fcomments&post=26"}],"version-history":[{"count":4,"href":"http:\/\/entrepaginas.letras.ufmg.br\/index.php?rest_route=\/wp\/v2\/pages\/26\/revisions"}],"predecessor-version":[{"id":946,"href":"http:\/\/entrepaginas.letras.ufmg.br\/index.php?rest_route=\/wp\/v2\/pages\/26\/revisions\/946"}],"wp:attachment":[{"href":"http:\/\/entrepaginas.letras.ufmg.br\/index.php?rest_route=%2Fwp%2Fv2%2Fmedia&parent=26"}],"curies":[{"name":"wp","href":"https:\/\/api.w.org\/{rel}","templated":true}]}}

<p>Caso queira entrar em contato conosco para tirar dúvidas, entender mais sobre o projeto, para entregar os livros empaginados nos Ateliês e pegar mais material para empaginação contate o e-mail abaixo. </p>



<ul>
<ul></ul>
</ul>



<ul>
<li><strong>E-mail: </strong>entrepaginasufmg@gmail.com</li>
</ul>



<p>Não nos deixe de seguir no Instagram e continuar divulgando nosso trabalho!</p>



<ul>
<li><strong>Instagram:</strong> <a href="https://www.instagram.com/entrepaginasufmg" data-type="URL" data-id="https://www.instagram.com/entrepaginasufmg">entrepaginasufmg</a></li>
</ul>



<p>Não perca a oportunidade de participar do grupo dos &#8220;Empaginadores Voluntários&#8221; no Whatsapp e ficar por dentro de todos os detalhes:</p>



<ul>
<li><strong>Empaginadores Voluntários</strong>: <a href="https://chat.whatsapp.com/JouRFIWIZZUCGt3vN3wj4k">https://chat.whatsapp.com/JouRFIWIZZUCGt3vN3wj4k</a></li>
</ul>

<p>Caso queira entrar em contato conosco para tirar dúvidas, entender mais sobre o projeto, para entregar os livros empaginados nos Ateliês e pegar mais material para empaginação contate o e-mail abaixo. Não nos deixe de seguir no Instagram e continuar divulgando nosso trabalho! Não perca a oportunidade de participar do grupo dos &#8220;Empaginadores Voluntários&#8221; no &hellip; </p>
